prime factors of 3199924153.
61, 52457773
What are the prime factors of 227340639?
3, 31, 814841
What are the prime factors of 838424739?
3, 279474913
List the prime factors of 210223979.
7, 23, 1305739
What are the prime factors of 59413053?
3, 7, 53, 53381
List the prime factors of 43060024.
2, 7, 109847
What are the prime factors of 243234362?
2, 7, 17373883
What are the prime factors of 411195463?
7, 58742209
What are the prime factors of 93424316?
2, 17, 1373887
List the prime factors of 145602400.
2, 5, 37, 4919
What are the prime factors of 4628348188?
2, 1157087047
List the prime factors of 5151446215.
5, 479, 2150917
What are the prime factors of 31596487?
13, 19, 127921
What are the prime factors of 194738116?
2, 48684529
List the prime factors of 27494979.
3, 2029, 4517
List the prime factors of 205802599.
205802599
What are the prime factors of 6167872786?
2, 23, 43, 3118237
What are the prime factors of 973942400?
2, 5, 304357
What are the prime factors of 16523192?
2, 7, 61, 691
What are the prime factors of 44210323?
173, 255551
What are the prime factors of 46664701?
3511, 13291
List the prime factors of 1414596487.
269, 5258723
List the prime factors of 1787952852.
2, 3, 7, 271, 2909
List the prime factors of 3800423022.
2, 3, 11, 57582167
List the prime factors of 347322108.
2, 3, 7, 37, 111751
List the prime factors of 25141159.
41, 613199
What are the prime factors of 1571876502?
2, 3, 7, 29, 1290539
List the prime factors of 136951865.
5, 89, 241, 1277
What are the prime factors of 4142422583?
13, 318647891
List the prime factors of 13324887.
3, 1480543
List the prime factors of 391890078.
2, 3, 21771671
List the prime factors of 112556607.
3, 37518869
List the prime factors of 3452458.
2, 79, 21851
What are the prime factors of 374422706?
2, 7, 157, 170347
What are the prime factors of 360900713?
360900713
List the prime factors of 2059040113.
13, 158387701
List the prime factors of 451531027.
31, 163, 193, 463
List the prime factors of 26659149.
3, 11, 29, 89, 313
List the prime factors of 73992799.
73992799
What are the prime factors of 3668907278?
2, 113, 16234103
What are the prime factors of 99445540?
2, 5, 229, 21713
List the prime factors of 19937940.
2, 3, 5, 11, 17, 1777
What are the prime factors of 27346033?
11, 13, 191231
What are the prime factors of 32680739?
7, 13, 359129
List the prime factors of 1030977349.
41, 641, 39229
List the prime factors of 1214874902.
2, 29, 61, 343379
List the prime factors of 742943520.
2, 3, 5, 11, 17, 31, 89
List the prime factors of 55811139.
3, 18603713
What are the prime factors of 68425476?
2, 3, 7, 17, 47917
List the prime factors of 103744912.
2, 6484057
What are the prime factors of 802246976?
2, 109, 115001
What are the prime factors of 1639865377?
1639865377
What are the prime factors of 2622308818?
2, 29, 43, 709, 1483
What are the prime factors of 7448139991?
41, 181661951
List the prime factors of 342880491.
3, 31, 971, 3797
List the prime factors of 963620459.
353, 2729803
List the prime factors of 2038647107.
7, 41605043
List the prime factors of 83538242.
2, 31, 1347391
List the prime factors of 2336713955.
5, 19, 43, 572023
What are the prime factors of 99190100?
2, 5, 991901
What are the prime factors of 92565493?
17, 5445029
List the prime factors of 1050798317.
47, 22357411
What are the prime factors of 3910429047?
3, 7, 4159, 44773
List the prime factors of 464975817.
3, 9643, 16073
What are the prime factors of 2170688?
2, 13, 2609
What are the prime factors of 2436885071?
19, 6581, 19489
What are the prime factors of 531554277?
3, 97, 151, 12097
What are the prime factors of 31842959?
31842959
List the prime factors of 60931838.
2, 11, 317, 8737
List the prime factors of 507682682.
2, 13, 43, 577, 787
What are the prime factors of 1058695891?
11, 41, 2347441
What are the prime factors of 990068978?
2, 495034489
List the prime factors of 305258765.
5, 7, 79, 113, 977
List the prime factors of 1092960012.
2, 3, 67, 353, 3851
List the prime factors of 2832711338.
2, 47, 30135227
List the prime factors of 149823015.
3, 5, 61, 163741
What are the prime factors of 32035638?
2, 3, 53, 100741
What are the prime factors of 85427574?
2, 3, 14237929
What are the prime factors of 1615615945?
5, 323123189
List the prime factors of 302612621.
6529, 46349
List the prime factors of 2524997517.
3, 7, 103, 1167359
List the prime factors of 189177987.
3, 63059329
List the prime factors of 51037947.
3, 43, 3067
List the prime factors of 2457849.
3, 23, 179, 199
List the prime factors of 1719765420.
2, 3, 5, 127, 269, 839
What are the prime factors of 5536303?
29, 227
List the prime factors of 543263273.
7, 77609039
List the prime factors of 1289775646.
2, 23, 31, 79, 107
List the prime factors of 339085411.
7, 48440773
What are the prime factors of 220785196?
2, 55196299
What are the prime factors of 10645338?
2, 3, 11, 31, 43
List the prime factors of 35756763.
3, 7, 17, 37, 2707
List the prime factors of 576928328.
2, 283, 254827
List the prime factors of 4125317752.
2, 53, 229, 42487
List the prime factors of 39832813.
139, 509, 563
What are the prime factors of 76507678?
2, 13, 499, 5897
List the prime factors of 685747687.
685747687
What are the prime factors of 67875869?
41, 1655509
List the prime factors of 1277823998.
2, 11, 191, 304099
What are the prime factors of 55778788?
2, 13, 109, 757
What are the prime factors of 1165365098?
2, 37, 263, 59879
List the prime factors of 180399593.
11, 311, 52733
List the prime factors of 190387766.
2, 53, 1796111
List the prime factors of 27227008.
2, 347, 613
What are the prime factors of 366251972?
2, 91562993
List the prime factors of 84642358.
2, 29, 1459351
List the prime factors of 85004797.
241, 521, 677
What are the prime factors of 112741063?
97, 1162279
List the prime factors of 371780525.
5, 3671, 4051
What are the prime factors of 150401663?
19, 7915877
What are the prime factors of 3741488?
2, 379, 617
List the prime factors of 151770051.
3, 5621113
What are the prime factors of 167030260?
2, 5, 8351513
List the prime factors of 168830550.
2, 3, 5, 7, 53597
What are the prime factors of 402136044?
2, 3, 33511337
What are the prime factors of 13910405?
5, 2782081
List the prime factors of 406827789.
3, 41, 607, 5449
List the prime factors of 704520640.
2, 5, 2201627
List the prime factors of 1187449760.
2, 5, 7, 1060223
List the prime factors of 2142139037.
107, 1117, 17923
List the prime factors of 174436344.
2, 3, 2422727
List the prime factors of 3424359104.
2, 1861, 28751
List the prime factors of 2290060592.
2, 143128787
List the prime factors of 68593381.
29, 2365289
What are the prime factors of 107288316?
2, 3, 2980231
What are the prime factors of 3370080318?
2, 3, 11, 51061823
What are the prime factors of 1873061591?
19, 98582189
List the prime factors of 51400885.
5, 967, 10631
What are the prime factors of 138817246?
2, 69408623
What are the prime factors of 3226841653?
7, 460977379
List the prime factors of 799868434.
2, 399934217
What are the prime factors of 647579572?
2, 17, 9523229
What are the prime factors of 135814703?
135814703
List the prime factors of 7218112.
2, 11, 10253
List the prime factors of 883237874.
2, 441618937
List the prime factors of 1414238377.
2089, 676993
What are the prime factors of 97143828?
2, 3, 149, 54331
What are the prime factors of 209850647?
107, 1961221
List the prime factors of 16647857.
19, 876203
List the prime factors of 2659233398.
2, 17, 47, 1664101
List the prime factors of 49220375.
5, 271, 1453
List the prime factors of 6552885.
3, 5, 37, 11807
What are the prime factors of 18847331?
41, 459691
List the prime factors of 12389546.
2, 13, 113, 4217
What are the prime factors of 1033891222?
2, 7, 13, 37, 153533
What are the prime factors of 1927695707?
7, 12203, 22567
What are the prime factors of 79606092?
2, 3, 37, 41, 4373
What are the prime factors of 40343107?
7, 677, 8513
What are the prime factors of 41373030?
2, 3, 5, 37, 37273
List the prime factors of 1670211296.
2, 13, 4014931
What are the prime factors of 18708482?
2, 13, 719557
What are the prime factors of 409351523?
7, 19, 349, 8819
List the prime factors of 64612837.
181, 356977
List the 